9?
9
What is the value of (-14 - -23) + -9 + 1 + -3 - -18?
16
Evaluate (-33 - (2 - 6)) + 4.
-25
What is -3 + 0 - (33 + -7 + -26)?
-3
-328 - -317 - ((0 - 1) + -19)
9
Calculate 2 - (-19 - -19) - (2 - 0).
0
Calculate (-9 - ((11 + 1 - -5) + -8)) + 6.
-12
Evaluate (-24 - 3 - -14) + 8.
-5
What is (0 - (-10 - (-10 + 4))) + (-13 - -26)?
17
Evaluate -8 + ((13 - 15) + 42 - -1).
33
Evaluate (-21 - -10) + -1 + -55 + 35.
-32
Calculate (9 - (2 - 18)) + -11.
14
-19 + -20 + -4 + 33
-10
What is -4 - (-3 + 10 + (1 - 1) + -9)?
-2
What is -20 + -3 + 29 + -5?
1
What is the value of 9 + 15 + -6 - 13?
5
Evaluate -6 + 16 + 1 + (-17 - 11) - -8.
-9
What is 3 - ((-1 - -11) + -12 + -16 + 19)?
2
-22 + 4 + (73 - 57)
-2
What is the value of (1 - -4) + 4 + 10 + (-1 - 7)?
11
-10 + 4 + -7 + (-2 - 0 - -11)
-4
What is 1 + -4 + (-2 - (-28 - (-34 + 20)))?
9
What is the value of 0 - (-7 - (7 + 2)) - 10?
6
16 - ((-5 - -3) + 5 + -1 + 2)
12
What is 2 + 8 + 2 + -17?
-5
What is the value of 14 + -7 - (3 + 4)?
0
What is the value of 34 - 32 - (-5 - -1) - (-16 + 12)?
10
What is (0 + -6 - 0) + -1 + -1?
-8
Evaluate (-6 - (7 - -7)) + 18.
-2
What is the value of (-6 - -5) + (-7 - ((-6 - -2) + -5))?
1
(15 - 36) + 25 - (1 + -9)
12
Calculate -9 + 5 + -8 + 10 - -8.
6
What is the value of (-3 - ((9 + -2 - -13) + -10)) + -3?
-16
What is -32 + (-9 - -18) + 8?
-15
What is the value of -1 - 0 - -1 - (-27 + 38)?
-11
(-9 - 1) + -2 - (1 - 9)
-4
15 + 2 + -3 + (18 - (18 + -2))
16
Calculate (-1 - (-8 + (-3 - -4) + 2)) + -12.
-8
Calculate 8 + 4 + -9 + 3 + 5.
11
(-3 - 0) + (-22 - -2 - -19)
-4
(2 - 21) + 12 - 0 - (19 - 0)
-26
Calculate 0 - (-13 - (-3 + -16)).
-6
What is the value of 0 - (-4 + -1 + -11 + 24)?
-8
What is the value of 3 - (-7 + -7) - 11?
6
What is 5 + -1 - (-699 + 707)?
-4
8 + -1 - 1 - (25 - (-32 - -57))
6
7 + 0 + -24 + 5 + 14
2
Evaluate (-24 - -15) + 8 + (12 - 5).
6
What is 2 + (-15 + 5 - (3 + -5)) + -1?
-7
-7 + 1 + 1 - (-25 + 38 + -10)
-8
-2 + 17 + 1 - (84 - 65)
-3
What is -32 + (14 - -35) - 31?
-14
What is 7 + 33 + -4 + -15?
21
Evaluate 1 - (-1 - -2) - (25 - 10 - -1).
-16
Evaluate (2 - 23) + 6 - (1 + -20 + 26).
-22
What is the value of 17 + (8 + -64 - -17)?
-22
Evaluate (19 - ((-3 - -17) + -8)) + 7.
20
Calculate 904 + -949 + (12 - -2 - -1).
-30
(345 - 338) + 1 + -3
5
What is the value of -1 + 25 + (144 - 163)?
5
What is the value of (-8 - -2) + 0 - (7 + -22 - -16)?
-7
What is -7 + -1 + 29 + -2?
19
Calculate (2 - -3) + (31 - 16) + 2 + -12.
10
(17 - 4 - 15) + 5 + (5 - 1)
7
24 + (2 - 28) - 7
-9
Evaluate -1 + (0 - 5) - (29 - (23 - -10)).
-2
What is the value of (5 - (26 - 11)) + 4?
-6
Evaluate -1 + -16 - (-46 + 63 + 0).
-34
What is 19 - 19 - -15 - 11 - -8?
12
What is 9 + -2 + (-7 - 1) + 10?
9
What is the value of 39 + (-13 - 17) - ((-4 - -6) + -5)?
12
What is the value of -5 - (7 - (3 + -1 + -8) - -1)?
-19
4 + (-2 - 12) - ((-2 - 0) + 4)
-12
What is the value of 15 - (15 + -26 - -20)?
6
Evaluate 7 - (-7 - (3 + -9 - -4)).
12
Evaluate -8 - (-4 - (-8 + (30 - 2))).
16
(-10 - 5) + 18 + -12
-9
(4 - (-5 - -6)) + (9 - 5)
7
What is the value of -3 + (3 + 6 + 1 - 9)?
-2
Evaluate (3 - 2) + 8 + (-14 - -6).
1
What is the value of 13 + 1 + (-7 - 1 - (427 + -436))?
15
What is (-10 + 6 - 10 - -19) + 1 + 17?
23
-13 - (2 + (-22 - -21))
-14
What is the value of -17 - (39 + -65) - (-22 - 0)?
31
What is 1 + (-5 - ((-17 - -34) + -9))?
-12
Calculate (16 - 25) + 4 - -26.
21
-10 - (-29 + (-28 - -56))
-9
What is the value of (5 - (-19 - -74)) + 28?
-22
What is the value of (27 - 42) + -1 + 4?
-12
What is (0 - -14) + -26 + 6?
-6
What is 67 + -30 + -45 + 39?
31
What is the value of (-139 - -179) + (4 - 26)?
18
What is the value of 31 + -1 - (18 - (7 + 6 + 6))?
31
What is 4 - 5 - (54 + -68)?
13
Evaluate (-4 - 17) + -2 + 18 + (-3 - 0).
-8
Calculate -20 + (8 - -28 - 21).
-5
Evaluate (16 - ((20 - 5) + -5)) + 2.
8
What is the value of -2 + -1 + (-25 + 8 - -23)?
3
What is the value of -16 + 15 + (-4 - -3) + (0 - 6)?
-8
15 + (-10 - (-27 + 8) - 5)
19
4 - (0 + -6 - -28) - (10 + -8)
-20
What is the value of -13 - (-37 + 13) - 1?
10
Calculate (6 - -14) + -11 + 3 + (-4 - -5).
13
-5 + 0 + 0 + (29 - 20 - 12)
-8
-2 - (14 + -1) - (77 - 82)
-10
What is 0 + (10 - 2) - (-60 - -103)?
-35
(-24 - -7) + 15 + -9 + 5
-6
What is the value of 6 - (-2 - 0 - (-12 + 9))?
5
Calculate 3 - ((15 - 18 - -38) + 3).
-35
Evaluate (1 - -1) + 2 - (-8 + (8 - 0)).
4
Evaluate -3 + -11 + -10 - -27.
3
Calculate (-13 - -11) + 13 - 23.
-12
What is the value of (-5 - 1) + (-26 - -37) + -5 + 4?
4
What is 13 - -7 - 11 - 12?
-3
Evaluate -1 + -3 + -3 - (1 - -1).
-9
(-9 - (3 + 2) - -7) + 0
-7
Evaluate 1 - -7 - (4 - (-1 + 8 - 14)).
-3
What is the value of (5 - -4) + 15 + (-11 - 9)?
4
Evaluate -1 - 40 - -79 - 22.
16
Evaluate (-190 - -197) + (-1 - 18).
-12
What is -5 - 7 - (-2 + -8) - (-1 - 2)?
1
Calculate (-1 - (14 - -2)) + 2.
-15
Calculate (-10 - (-53 - -30)) + 7 + 1.
21
What is -12 - (33 + (43 - 69))?
-19
Evaluate -19 - 1 - (-7 + 12 + -13).
-12
Calculate 3 + 8 + -13 + 0 + -2 + -20.
-24
What is the value of (22 - 18) + 6 - (-2 - 5)?
17
(-7 - -3) + 1 - 24
-27
Evaluate 0 - 1 - (111 - 123).
11
Evaluate -13 + (-9 - (15 + -29)).
-8
What is the value of -150 + 163 + (-21 - 1)?
-9
What is (-33 - -36) + -4 - -41?
40
Calculate -14 + 35 + -12 + -1.
8
What is the value of (-31 - (8 - -17)) + 19?
-37
(-61 - (-5 - 16)) + 24
-16
Calculate 8 - ((-5 - (3 + -1)) + 10) - -7.
12
What is (25 + -57 - -6) + 39?
13
Evaluate (3 + 11 - 15 - (-6 + 1)) + -5.
-1
-36 + (14 - -32) + 3 + -2
11
-7 + 17 + -7 + 1 + -2 + -14
-12
-5 - (3 + 4 + -11 + -4)
3
What is the value of 6 + -4 + -2 + (4 - 0)?
4
(-19 - -14) + 27 - 12
10
What is 15 + (3 - 63 - (12 + -28))?
-29
What is 12 - (39 + -20 + -3)?
-4
Calculate (-10 - 7) + 26 - (3 + 6 + -3).
3
Evaluate ((-2 - 0) + -2 - 3) + (1 - -2).
-4
What is the value of (-697 - -710) + (-2 - 27)?
-16
Evaluate (-4 - -1 - -5) + 7 + (16 - 10).
15
Evaluate 33 + 17 + 2 + -35.
17
What is the value of -3 + (-13 - 2) + (18 - 26 - -18)?
-8
What is the value of -23 + 1 + 11 + 0 + (-12 - -7)?
-16
What is the value of 19 + -10 + -17 - (-5 - -2)?
-5
What is the value of 0 + -43 - (-645 - -624)?
-22
What is the value of 2 + (3 - 28) - (-10 - (9 - 12))?
-16
What is (3 + 10 - -6) + (54 - 50)?
23
Evaluate 94 + -112 + 2 + 3 + -3.
-16
(-259 - -302) + (-21 - 1)
21
Evaluate 0 + 7 + 7 + -22 - (2 - -2).
-12
Evaluate -19 + 29 + -16 - 7.
-13
Evaluate 3 + 3 + (10 - (-3 + 14) - -2).
7
Calculate -12 + -16 + 44 - 18.
-2
What is the value of 13 + -1 + 32 + (47 - 110)?
-19
9 + 28 + (78 - 102)
13
Evaluate (-5 - (-8 + 3)) + (22 - 14).
8
(-20 - (-38 + 5)) + -10
3
Evaluate -10 - 4 - -19 - 6.
-1
Calculate 11 + (-4 + (-5 - -9) - 1) - 5.
5
Calculate -2 + 6 + -4 + -27.
-27
(2 - (19 - 21)) + 8
12
-14 + 2 + -6 + -3
-21
Calculate (-18 - -1) + 111 + -95.
-1
What is 5 + -1 - (10 + -38 + 11)?
21
Evaluate 1 + -47 + 36 + (-6 - 1).
-17
Calculate -11 + (-27 - -16) - -20.
-2
What is 3 + -13 - -2 - -4?
-4
What is the value of -1 + 20 + -11 + -1 + -1?
6
What is 0 + -13 - (-40 + 54 + (-9 - 4))?
-14
5 + (6 + -6 - -2) - (-9 - -32)
-16
Calculate 4 + 2 + 6 + -3 + -5.
4
What is the value of (-17 - (5 + -25)) + (3 - 2)?
4
What is the value of 5 - (-11 - (2 + 3))?
21
What is (17 - 18 - (1 - 9) - 9) + 17?
15
Calculate -16 - (-24 - -18) - (-7 + 0).
-3
Calculate -13 - (7 + -8 - (7 - 1)).
-6
Calculate -3 + -15 + (-52 - -39).
-31
Calculate 10 + 7 - 3 - 2.
12
Calculate 0 + -1 + 25 - 14.
10
What is 0 + (13 - -12) + (-6 - 0)?
19
Calculate -23 + 10 + 9 - (14 + -2).
-16
What is -22 + (-7 + 8 - -2) + 3?
-16
What is (10 - (15 - 4)) + -10?
-11
Calculate -5 - (-1 + 6 + -15).
5
What is -2 - (-1 - 8 - (6 - 43))?
-30
What is (2 - 2) + 22 + 26 + -56 + 24?
16
What is 5 + -6 - 8 - -10 - -9?
10
Evaluate (6 + 0 - -1) + -4 + (12 - 19).
-4
Evaluate 3 + (3 - 19) + 9.
-4
What is the value of (8 - 30 - -27) + -18?
-13
5 + -24 + 19 + (1 - -12)
13
Calculate 3 + 1 + (-14 - -3 - (8 - 3)).
-12
What is the value of (-14 - -6) + 7 - 1 - -7?
5
What is 1 + -16 + 13 + (10 - 28)?
-20
What is (99 - 95) + (-10 + 1 - 0)?
-5
What is the value of 5 - ((5 - 3) + 1 + -90 + 104)?
-12
-21 + 21 + -11 + 1 - (1 + -2)
-9
-1 + 11 + 2 + (-1 - 6) - -4
9
Evaluate 9 + -9 + 14 + (-5 - -2) - -7.
18
Calculate -1 + (-4 - 3) + (101 - 96) + 2.
-1
-21 + 3 + (-57 - -49)
-26
Evaluate -7 + (4 - (2 + 